
13
-4 + (-3 + -7 - -9) + -5
-10
Calculate 11 + 1 - (-6 - (-15 + (0 - -10))).
13
What is the value of -6 + (-1 + -17 - (-115 - -106)) + 1?
-14
What is the value of -280 + 265 + 1 + (0 - -6)?
-8
What is -2 - 0 - 7 - (-19 - 36 - -21)?
25
-7 + -9 + 28 + 9
21
What is the value of -9 - (-11 - (1 - (7 - 5)))?
1
What is 1 + -2 + (-23 - -46)?
22
Evaluate -13 + (17 - (12 + -17) - -7).
16
What is 34 + -52 + (17 - 2)?
-3
What is 1 + -14 - (-9 + -21 + 31)?
-14
Calculate -5 + (-6 - -1 - ((11 - 18) + -4)).
1
Calculate (-2 - (-18 + 8) - (0 - -1)) + -19.
-12
Evaluate 3 + (8 - 1 - (12 + (-18 - -14))).
2
What is the value of (0 - (-1 + -7)) + -1 + (-36 - -28)?
-1
Evaluate -7 + (8 + -5 + -12 - -14).
-2
Evaluate (-27 - 2) + 28 + (-35 - -5) + 7.
-24
Calculate -13 + 0 + -25 + 61.
23
Evaluate 5 + (1 + 6 + -4 - 1) + 1.
8
What is the value of 13 - 6 - (-47 + 48)?
6
Evaluate 25 - ((5 - 6) + 19).
7
What is the value of -29 + 25 - (1 + 2 - 3) - -3?
-1
Calculate (-1 - 3) + (22 + 1 - 12).
7
What is -27 + 9 + (26 - 16)?
-8
What is (-4 - 10) + 34 + -1?
19
What is the value of (-3 - (-1 + -1)) + 15?
14
19 + (-8 - -8) + -8
11
Calculate 6 - (27 + -11 + -16 + (8 - 0)).
-2
What is the value of 4 + (-5 + 0 - (12 + -7))?
-6
Evaluate 1 - 3 - (-4 + -16 + (-4 - -15)).
7
Calculate 23 + 2 + (29 + -23 - (3 + 10)).
18
Calculate 0 - (1 - ((-8 - -2) + 2)) - 0.
-5
Evaluate -30 - (27 + -22 - 15).
-20
What is the value of (-62 - (11 + -60)) + 27 + 1?
15
Calculate 6 + (-8 - 1 - 4) + 24.
17
(0 - 0) + 1 + 2 - 2 - 13
-12
Calculate 10 + 0 + -3 - (-5 + (4 - -5)).
3
1 + (12 - -18) + -21
10
-8 - -16 - (9 - (5 + 2 + -4))
2
What is 2 + 7 + -4 + (-3 - (-9 - -4))?
7
What is (6 - 13) + 35 - 7 - -1 - -9?
31
Calculate -7 + (2 - 2) + 5 + 9 + 4.
11
15 - (27 + -7) - (-1 + -1)
-3
What is -53 + 57 - (-11 + 4)?
11
What is 0 - -5 - (-1 - 13 - 2)?
21
Evaluate 27 + -1 - (-4 + (-19 - -31)).
18
Evaluate -9 - (-9 + (-6 - -8)) - -5.
3
What is the value of 3 + (4 + 5 + -11 - 1)?
0
What is the value of -15 - -5 - (-9 - 10)?
9
What is -202 - -150 - (-4 + 1 + -14)?
-35
(3 - (8 + -1)) + 10
6
What is the value of (15 - (8 - (9 + 6))) + -5?
17
What is 0 - -2 - (4 + (6 - (9 - 2)))?
-1
Calculate (3 - (5 + 2 - 0)) + (10 - -7).
13
Evaluate -22 + 47 + 4 + -17.
12
Evaluate 8 - (-19 - -10) - 9.
8
Calculate (-5 - -1 - (-31 + 28)) + 9.
8
Calculate (186 - 185) + (21 - 1) - -16.
37
(19 - 8) + (44 - 39)
16
Calculate (-23 - ((6 - 1) + -5)) + 10.
-13
What is the value of -4 + -5 + -8 + -6 + 36?
13
76 + -65 - (3 - -22) - (1 - 1)
-14
Evaluate 3 + 12 + (6 - 4) + (6 - 12).
11
What is 2 + -7 + (-40 - -54)?
9
What is the value of -2 + (-10 - (-9 + -8 + 11))?
-6
Evaluate 19 - (1 + 2 - (4 - 3) - -4).
13
Calculate -10 + -2 + -30 + 48.
6
What is 34 + -27 + -16 + 0 + 1 + 2?
-6
Evaluate -1 + -8 + (11 - (13 - 14)) + -1.
2
Calculate 1 - 13 - (-17 - (35 + -19)).
21
What is the value of (0 - ((4 - 1) + 1)) + -3 + -1?
-8
Calculate 1 + 4 + (-4 - ((5 - -2) + -13)).
7
What is the value of -5 + (-2 + -16 - -22)?
-1
11 - (-3 + -15 - -26) - 6
-3
7 - 1 - (26 - 8 - -1)
-13
Evaluate -4 + -1 + -54 + 71.
12
(10 - 1) + -181 + 172
0
Evaluate 11 - (-5 - 2) - (-8 + 18).
8
Evaluate -7 - -1 - ((-4 - -1) + 17 + -18).
-2
1 + -8 + (-3 - (-7 - (1 + -4)))
-6
Evaluate -11 + (-4 - 4) + 12 + 3.
-4
Calculate (-27 - -26) + 2 + -4 + -4.
-7
Evaluate 15 + (-9 - -14) - (-1 - -8).
13
What is the value of -16 - (31 + 3 + -58)?
8
What is the value of (32 - 46 - -22) + 2 + -14?
-4
What is the value of 7 + -7 + -3 + (17 - (1 + -1))?
14
(-3 + 14 - 13) + -6
-8
1 - (-2 - (-1 + (8 - 9)))
1
(33 + -19 - 15) + -9
-10
Evaluate 4 - 15 - (-28 - -9).
8
(-347 - -349 - (1 - -6)) + 0 + -5
-10
What is the value of -21 + (-2 - (27 + -30))?
-20
Calculate -6 + (3 - (5 + -1) - (0 + -1)).
-6
What is -2 + (16 - (0 - ((-2 - -5) + -6)))?
11
Evaluate 0 - (1 + -10) - (625 - 622).
6
What is the value of (5 - 4) + (7 - (5 + 0)) + 10?
13
Evaluate 8 + (8 - (9 - (5 + -3))).
9
Evaluate (0 - -7) + (8 - (7 - (-12 + 4))).
0
Calculate -16 - (-1 + (1 - 2) - (40 + -40)).
-14
Calculate 2 + (1 - -5) + (-24 - -5).
-11
What is 6 + -8 + (4 - 5) + -1 - 5?
-9
What is the value of 13 - (4 + (1 - -5 - 5))?
8
Evaluate -4 - -3 - (-3 + 5 + 3 + -8).
2
Evaluate 7 + -1 + -16 + -9 + 7.
-12
What is (-4 - -3) + (-12 - 2) - (41 + -45)?
-11
What is the value of -1 + 3 - (1 + -5 + (6 - -3))?
-3
What is -2 + 4 + 11 + -13 + (14 - 6)?
8
Evaluate 2 - (-13 + 0 + 10).
5
What is -1 - (2 - (-5 + (0 - -7)))?
-1
Evaluate -6 + (-8 + -10 + 46 - 14).
8
What is the value of -14 + 28 + 5 + (16 - 5)?
30
What is -1 + -10 + (2 - 9 - -26) + -2?
6
What is the value of -19 + 1 + (-1 - -7) + (-52 - -55)?
-9
What is -26 - ((-10 - (-14 + 2)) + -12)?
-16
Calculate (-12 - ((-9 - -6) + -5)) + -1 + 1.
-4
What is the value of -2 + 0 + -12 - (958 + -950)?
-22
Evaluate 0 + 15 - (6 - (-19 + 37 + -10)).
17
What is the value of 9 + (-13 - (-15 - 4)) - 1?
14
What is the value of 15 + -51 + 21 - (11 - 4)?
-22
What is 40 - (11 + -33 - -53)?
9
0 - (-6 - (-7 + 8)) - -1
8
Evaluate (1 - 3) + 14 + -6 + 2 + 2.
10
27 + -66 + 21 - 3
-21
What is the value of (-6 - -5) + -3 + -2 - 5?
-11
What is -1 - (-1 + (-9 - -1))?
8
Evaluate (6 - 5) + -17 - -7.
-9
Evaluate 6 + 2 + (-1 - (7 + -19)).
19
What is 25 + -33 + 37 - 8?
21
What is the value of 9 - (15 + -11 + 3 + -1)?
3
Evaluate 1 + -3 + (41 + 5 - 28).
16
What is (-32 - 37) + 52 - (-1 + 14)?
-30
-12 - (-17 - -11) - (9 + 1)
-16
What is the value of (0 + -14 - -6) + (5 - -1) + -11?
-13
Calculate 24 + -30 + -5 - -4.
-7
Calculate 1 + -4 + (71 - 5 - 56).
7
(5 - 16) + (6 + 3 - -7) + 3
8
What is the value of 0 + -19 - ((1 - 10 - 0) + 4)?
-14
(4 - (4 + 5)) + (-2 - (-9 - 5))
7
What is -9 + (-8 + 32 - 16) - (-23 + -1)?
23
(-6 - -13 - 1) + -17 + 9 + 8
6
Calculate 0 - 9 - (-5 + 23 + -18) - -26.
17
-6 + 13 + -14 + 0 + -3 + 2
-8
What is -3 + 13 + -3 + 2 + -1?
8
7 - (-19 + (5 - -12 - 6))
15
What is 30 + -20 + (4 - 6)?
8
What is 1 + 7 + 97 + -111?
-6
Evaluate -192 + 214 - (0 + 4).
18
Calculate -10 + (-2 - (2 + -4)).
-10
What is -33 - (-17 - (-15 - -15 - 6))?
-22
What is -4 - 10 - (-4 - 11)?
1
Evaluate 23 + (42 + -40 - (-2 + 0)).
27
Evaluate 10 + 15 - -2 - 28.
-1
What is 0 - (0 - (-1 + -8)) - -26?
17
-9 - (-2 - (15 - 10)) - (-12 + 2)
8
Evaluate -7 - (-8 + (-16 - -12)) - -18.
23
What is the value of -8 + 2 + -5 + 14 + 25?
28
What is the value of (3 - 0 - 2) + -9 + 13 + -7?
-2
What is the value of 207 - 188 - (-1 + 7)?
13
What is (-4 - -3 - 5) + (-3 - -15) - 17?
-11
Calculate 24 - (42 - 79 - -21).
40
What is the value of -23 + (10 - 2) + -8 + (11 - 11)?
-23
What is -30 + 37 - (2 + 1)?
4
Evaluate (15 + -45 - -22) + (3 - -18).
13
1 + -3 + -3 + (-5 - -6 - 6)
-10
0 + -13 - (-30 + 27)
-10
Calculate -22 + -1 + 14 + 19.
10
(-4 - (3 - 5)) + 3 - 17
-16
-6 - ((9 - 0) + -3)
-12
What is 12 + -2 - -2 - (15 - (-58 + 88))?
27
Evaluate (3 - -8) + -2 - 5 - (-1 - 7).
12
Evaluate 5 + (-1 - 3) - (13 + -18 - 17).
23
What is the value of 12 + -30 + 11 + -24 + 25?
-6
Evaluate 4 + (-6 + 11 - ((0 - -3) + -5)).
11
What is 17 - ((1 - -1) + (17 - 22))?
20
What is -14 - (-2 - (18 + 5))?
11
-10 + 4 + (-2 - 3 - -2) + -1
-10
(-1 + 3 - (-1 - -15)) + (1263 - 1262)
-11
What is the value of 8 + 0 + -1 + 0 + (-13 - -8)?
2
Evaluate 54 + -57 + (-1 - (-7 - 3)) - -28.
34
What is the value of 2 + (76 - 83) + (7 - (1 - -2))?
-1
Evaluate (3 - (6 - -4) - (0 + -9)) + -11.
-9
Evaluate (1 - 10) + 5 + (-7 + 5 - 1).
-7
(-11 - -7) + 7 + 11 + (-6 - 5)
3
Calculate (-2 - -2) + (-11 - 1) + 20.
8
Evaluate 6 + -28 + 20 + (-18 - (-1 - -2)).
-21
What is the value of 17 + 48 + -66 + 0 + -16?
-17
What is the value of (2 - (-11 + 6 - -9)) + 2 + -10?
-10
Evaluate (42 - 19 - 23) + (-1 - 0 - 1).
-2
Calculate 13 + -5 - -9 - 19.
-2
Calculate -18 + ((-7 - -18) + (-9 - -5) - -3).
-8
Calculate -6 + (-2 + 9 + -7 - 6) + 2.
-10
Calculate (1 - 0) + (-6 - (-10 - (-8 - -7))).
4
Calculate 2655 + -2654 + (1 - 2 - -8).
8
What is (1 - -8) + 5 - (9 + -9)?
14
(4 - 23) + 7 + 1 + -3
-14
What is the value of -1 - (21 - (19 + -3) - 5)?
-1
What is 629 + -607 + -23 + 2?
1
-1 + 5 + -16 + (2 - -1)
-9
What is 24 - -5 - ((-18 - -19) + (0 - -7))?
21
Evaluate (-1 + 10 - (134 + -139)) + -19.
-5
Evaluate 14 + (-14 - 3) + -8 + 30.
19
Evaluate 1741 + -1780 + (17 - 1).
-23
Calculate 8 + (-5 - (5 + -11)) - (-2 - -6).
5
Evaluate 11 + (1 - (11 + -6)) + 5 - 1.
11
Ca